st common divisor of j and o.
12
Let b be 40/2*(-34)/(-4). Let j be (3/(9/(-10)))/((-8)/24). Calculate the greatest common divisor of b and j.
10
Suppose 5*i = -h + 73, 0 = -5*i + 3*h - 8*h + 65. Calculate the highest common factor of 12 and i.
3
Suppose 10*x = 6149 + 1601. What is the greatest common factor of 25 and x?
25
Suppose 5*d + 2*o = 100, -3*o = -2*d - 2*d + 80. What is the highest common divisor of 15 and d?
5
Suppose 8*h - 57 = 71. Calculate the highest common divisor of h and 4.
4
Let k be 9/15 + (-15)/25. Suppose 2*s - 10 + 2 = k. Calculate the greatest common divisor of 12 and s.
4
Suppose 93 = 2*a - 5*b, a + 0*a - 50 = -b. Let j = a - 16. Calculate the greatest common factor of j and 22.
11
Suppose -5*n + 37*k + 445 = 32*k, -5*n + 2*k = -433. What is the highest common divisor of 289 and n?
17
Suppose -4*m + 116 = 2*l, 2*l - 4*m + 16 - 92 = 0. Calculate the greatest common factor of l and 80.
16
Let s(v) = -v**3 - 2*v**2 + 12*v + 21. Let c be s(0). Let a be (-2)/5 - 1157/(-5). Calculate the greatest common divisor of c and a.
21
Let b = 50 + -40. Suppose 14*d = 15*d - 25. Calculate the greatest common divisor of b and d.
5
Let s be (-16 - 2)*(-3)/6. Let l = 1 + 4. Suppose 413 = l*w + 2*k, 0 = 5*w + 5*k - k - 421. What is the greatest common divisor of w and s?
9
Let h = -25 - -155. Let p = 165 + -152. Calculate the greatest common divisor of p and h.
13
Let v be 422/22 - 4/22. Let x = -323 + 570. Calculate the highest common factor of v and x.
19
Suppose 0 = 3*w - 451 + 166. What is the greatest common factor of w and 38?
19
Suppose -16*s = -42*s + 41236. Calculate the highest common divisor of s and 26.
26
Let d = -239 - -384. Suppose 3*h = -h - 2*p + 230, 5*p = 2*h - d. Let o(i) = i**2 - 3*i. Let q be o(-5). What is the greatest common divisor of q and h?
20
Let r(k) = -6*k - 3. Let i be r(-2). Let h be (2 - 0 - 0) + 242. Suppose 4*c = h + 152. What is the greatest common divisor of c and i?
9
Let j be (5 - 0 - 3)/(2/(-4)). Let x be j/10*(-73 - 2). Calculate the greatest common factor of 6 and x.
6
Let w be -9 + ((-27)/(-3) - -32). Calculate the highest common divisor of w and 272.
16
Let t be (86/(-4))/(42/(-84)). Calculate the greatest common divisor of 731 and t.
43
Let j(k) = 3*k**2 + 5*k**2 + 2*k**2. Let r be j(4). Suppose 0 = 11*d - 14*d + 60. Calculate the highest common divisor of r and d.
20
Suppose 0 = 2*m + 5*h - 2 - 1, 3*m - h - 13 = 0. Suppose 4 = 4*k - m. What is the greatest common divisor of k and 10?
2
Let q = 101 - 30. Let d = q - 29. Let x = -88 - -151. What is the highest common divisor of x and d?
21
Let o be -11*(-3)/9*(-33)/(-1). What is the highest common factor of 33 and o?
11
Let q(l) = -l + 5. Let j be q(1). Let v(h) = -12*h**3 - h**2 - 2*h - 1. Let a be v(-1). Calculate the highest common divisor of a and j.
4
Let u be ((-416)/130)/((-1)/95). What is the greatest common factor of 80 and u?
16
Let w = -204 + 234. What is the greatest common divisor of w and 6?
6
Suppose 4*b = -b + 90. Calculate the greatest common divisor of b and 1458.
18
Let p(h) = -5*h - 7. Suppose 8*v + 12 = 5*v. Let l be p(v). Let u be 23 - ((-2 - 1) + 0). Calculate the highest common factor of l and u.
13
Let u(j) = -165*j**3 + j + 145*j**3 + 1 - j. Let g be u(-1). What is the greatest common factor of g and 21?
21
Let h = -76 + 81. Let q = 2 - -3. What is the highest common factor of h and q?
5
Let s = -15 + 27. Suppose -4*i + 10*y + 518 = 0, -12*y = 5*i - 9*y - 663. Calculate the highest common divisor of s and i.
12
Let w(m) = 3*m - 3. Suppose 6*p - 10 = p. Let i be w(p). Let t(z) = 4*z**3 - 3*z**2 + 3*z - 1. Let q be t(1). Calculate the highest common factor of i and q.
3
Suppose 4*p + 105 = 4*l + 489, 3*l = 2*p - 193. Calculate the greatest common factor of p and 55.
5
Let r be (-6)/8 - (-5)/40*358. Suppose -36 = -d + 5*q, 2*q - q + 49 = 4*d. Calculate the greatest common factor of d and r.
11
Suppose -3*j - 12*g = -15*g - 69, -g + 77 = 3*j. What is the highest common factor of j and 5?
5
Let d = -5 - -11. Let w(i) = i + 3. Let s be w(d). Let z be ((-18)/10)/(4/(-20)). What is the greatest common factor of s and z?
9
Let z be -5 + 67 + (-1 - (-1 + 4)). Calculate the greatest common factor of z and 667.
29
Let m be (16 + -8)*14/8. Calculate the highest common factor of m and 14.
14
Let k = 17 + -9. Suppose 0 = 26*t - 1164 + 124. Calculate the greatest common divisor of t and k.
8
Let i(q) = -3*q**2 - 112*q - 26. Let f be i(-37). What is the greatest common factor of 1067 and f?
11
Suppose 4*i - 3*f - 8 = 0, -f - 18 + 2 = -4*i. Suppose 20 = 5*g, -2*c + 52 + 28 = -i*g. What is the greatest common divisor of 10 and c?
10
Suppose 0 = 8*i + 285 - 717. What is the greatest common factor of i and 2?
2
Let i(s) = -15*s - 757. Let y be i(-51). Suppose -4*k + 2*b - 137 = 3*b, -2*k - 61 = -b. Let q = k - -121. Calculate the highest common divisor of y and q.
8
Let v = 11 + -7. Suppose -456 = -2*m - v*q, -133 = -m + 2*q + 103. Suppose -y = -5*a + m, 4*a - y = -83 + 269. What is the highest common divisor of 69 and a?
23
Suppose 0 + 7 = -3*h - w, h + w = -5. Let t be 2/((-3)/h + (-655)/220). Calculate the greatest common factor of 8 and t.
8
Let g = -8 + -46. Let k = g + 117. Calculate the greatest common divisor of k and 7.
7
Let h(o) = -o**3 - 17*o**2 + 10*o - 82. Let z be h(-18). Calculate the greatest common divisor of 217 and z.
31
Suppose -9*l = -l - 24. Suppose -l*d - 9 = 0, -5*t - 2*d + 31 = d. What is the highest common factor of t and 20?
4
Let b(u) = -9*u - 50. Let v be b(-6). What is the highest common factor of 268 and v?
4
Let b be -6 - -10*201/6. What is the greatest common factor of 47 and b?
47
Suppose i = -5*p - 4*i + 140, 5*i - 28 = -p. Let c = -8 + 12. What is the greatest common divisor of p and c?
4
Suppose 4*z + 4*l - 1268 = 0, 2*z + 18*l - 652 = 22*l. What is the highest common factor of z and 20?
20
Let c be (-6 + (-216)/16)*(-8)/3. Calculate the highest common factor of 338 and c.
26
Let n(w) = 5 - 1 + 2 - 5 + w. Let o be n(7). What is the greatest common divisor of o and 12?
4
Let x = 57 - 61. Let v be (-546)/(-9) - x/(-6). What is the highest common divisor of v and 6?
6
Suppose 460 + 224 = 57*t. What is the highest common divisor of t and 264?
12
Let p be (-4)/(-7)*(22 + -8). What is the highest common divisor of p and 14?
2
Suppose -33 - 182 = -5*p. Let a be (p/129)/(113/(-114) - -1). Calculate the highest common factor of a and 114.
38
Suppose 19*u = 11552 - 2166. Calculate the highest common divisor of 104 and u.
26
Let w be 1 + (65 - (-2 + 0)). Let r = -48 - -53. Suppose 12*s + r*s - 289 = 0. Calculate the greatest common divisor of s and w.
17
Suppose 56 = -v + 5*v. Suppose 0 = 136*h - 137*h + 28. Calculate the highest common factor of v and h.
14
Let t be ((-60)/50)/(-2) + 74/10. Calculate the greatest common divisor of t and 68.
4
Let o be (4 - (-301)/(-14))*(-2 + 0). What is the greatest common factor of 1295 and o?
35
Suppose 3*w + z = 232, 25 = 4*z - 9*z. Let h = w - 46. Let v(x) = -x**2 - 7*x + 11. Let d be v(-8). Calculate the highest common divisor of h and d.
3
Let a(u) = 3 - 3 + 5 + u. Let o be a(0). Calculate the highest common factor of 55 and o.
5
Let w be -286*(-9)/(-6)*(-20)/30. Calculate the highest common factor of w and 22.
22
Let b be (-10)/(1/156*-10). Calculate the highest common divisor of b and 260.
52
Suppose 6*g - g = 55. Suppose -5*w + 3*w - 164 = 0. Let v be (12 - 1)/(6 + w/14). Calculate the highest common divisor of v and g.
11
Let n be 145 + ((-8)/20)/((-4)/(-40)). Calculate the greatest common factor of 1081 and n.
47
Let g(j) = j**3 + 12*j**2 + 2*j + 33. Let l be g(-12). Calculate the greatest common factor of 45 and l.
9
Let y be 57 - (1 + -2) - 94/47. Calculate the greatest common divisor of y and 84.
28
Let c(b) = -b**3 - 7*b**2 - 6*b - 22. Let r be c(-7). Calculate the greatest common factor of 220 and r.
20
Suppose v - 460 = -4*v + 5*a, -a - 282 = -3*v. Let q(u) = u**3 - 16*u**2 - 16*u + 2. Let j be q(17). Calculate the greatest common divisor of j and v.
19
Suppose -2*r - 5*y = 11, -4*r + 2*y + 3*y = -23. Suppose 3*w + 6 = p - 37, -2*w - 34 = r*p. Let b = -3 - w. What is the highest common factor of 36 and b?
12
Let n(b) = b**3 + 5*b**2 - 4*b + 14. Let o be (3